05. Let s = -19 - x. Calculate the highest common divisor of s and 80.
16
Suppose -2*r + 5*d = -43, 4*r - 3*d = -0*d + 51. What is the greatest common divisor of r and 9?
9
Let c be (-104)/(-18) - (-16)/72. Calculate the highest common factor of c and 24.
6
Suppose -5*a = -38 - 52. Suppose 13*n = 3*n + 450. Calculate the highest common factor of n and a.
9
Let o be (-1)/(2/(-12)*-3). Let y = -4 + o. Let p be (-1)/(-2) - 483/y. Calculate the highest common factor of p and 9.
9
Suppose -2*b + 8 = 20. Let g be 1*-36*b/9. Calculate the highest common divisor of 36 and g.
12
Suppose -4*u + 2*h = -48, -4*u + 46 = -5*h - 14. What is the highest common divisor of u and 30?
10
Let f(z) = 4*z**2. Let j be f(-3). What is the greatest common divisor of 9 and j?
9
Let s be 6/30 + 38/10. Let g(c) = 10*c + 2. Let v be g(s). Calculate the greatest common divisor of 105 and v.
21
Let q(c) = -8*c - 26. Let k be q(-6). Let j = 0 - -22. What is the greatest common factor of k and j?
22
Suppose -3*i + 0*j - 3*j - 12 = 0, 5*j = 2*i + 36. Let w(z) = -12*z + 3. Let o be w(i). Calculate the greatest common divisor of 9 and o.
9
Let c = -10 + 12. Suppose 0 = -5*m - c*n + 431 - 154, 0 = -m + 2*n + 53. What is the greatest common divisor of m and 5?
5
Let q = 2 + -1. Suppose -2*r - q = -9. Calculate the highest common divisor of 10 and r.
2
Let k = 17 - 11. Let d be ((-2)/(-6))/(2/18). What is the greatest common factor of k and d?
3
Let b = -80 + 92. Suppose 61 = 5*m + g, 2*m - 16 = -2*g + 10. Calculate the greatest common divisor of m and b.
12
Suppose s - 23 = -9. What is the greatest common factor of s and 112?
14
Let h(t) = -t**3 - t**2 - t - 1. Let z be h(-2). Let g = -7 + 0. Let v be 6/(-15) - g/5. What is the greatest common divisor of z and v?
1
Let w = 59 + -53. What is the greatest common factor of w and 2?
2
Let q = 33 - 20. What is the greatest common divisor of 39 and q?
13
Let p be (0 - (-2 + 3)) + 67. What is the greatest common divisor of 165 and p?
33
Suppose -x + 60 = -2*z, -3*x + 4*x - z - 62 = 0. What is the greatest common factor of 8 and x?
8
Suppose 15 = -k - 4*k. Let g be ((-8)/k)/((-1)/(-9)). Calculate the greatest common divisor of g and 264.
24
Suppose 81 = 6*k - 69. What is the greatest common divisor of k and 275?
25
Let f = 4 + 0. Suppose -2*v = -n - 4*v + 76, f*n + 3*v - 304 = 0. What is the highest common factor of n and 19?
19
Let u = 54 + -22. Calculate the greatest common divisor of u and 8.
8
Suppose -12 - 27 = -v + m, 0 = -2*v + 5*m + 81. Let j = 59 - v. Calculate the highest common factor of 3 and j.
3
Suppose 11*y - 4*y = 77. Calculate the greatest common divisor of 11 and y.
11
Suppose c - 2*c = -47. Let k = 65 + c. Let u be 82/5 + 4/(-10). What is the greatest common factor of u and k?
16
Suppose 0 = 3*c + 3*x - 3, -5*x - 10 = -4*c - 6*x. Calculate the highest common divisor of 3 and c.
3
Let r be (-2)/2*(-43 + -2). What is the highest common factor of 9 and r?
9
Let h be (-1)/3*(-18 + 0). Suppose -h*n = -n. Suppose n = -5*t - y - 3*y + 71, 19 = t - 4*y. What is the highest common divisor of t and 165?
15
Let r be 13 - ((-105)/33 - (-14)/77). Calculate the greatest common factor of r and 176.
16
Let d(p) = 3*p + 2*p - 1 - 3*p + 2*p. Let c be d(2). What is the highest common divisor of c and 35?
7
Suppose t = 2*t + 1. Let y(v) = -2*v. Let p be y(t). Suppose -p*m - w + 32 = 0, m + w + w = 19. Calculate the greatest common factor of m and 10.
5
Suppose -2*z = -r - 59, -6 = 2*r - 0. Suppose -2*u = -u - 5. Let s(x) = 2*x**2 - 2*x + 2. Let j be s(u). What is the greatest common divisor of z and j?
14
Suppose 2*t - 14 = -0*t. Calculate the greatest common factor of 49 and t.
7
Suppose -2*x + 6*x = -36. Let l(k) = k**2 + 7*k - 3. Let g be l(x). What is the greatest common factor of 15 and g?
15
Let l(y) = -y**2 + 63. Let d be l(0). Suppose -2*c + d = -c. Let n = 30 + -21. What is the highest common divisor of c and n?
9
Let x be 15/(-3)*(-2)/(-5). Let r be x*((-57)/(-6))/(-1). Let k(h) = 39*h + 15. Let m be k(4). What is the greatest common divisor of r and m?
19
Let l be 611/52 + 2/8. Let n = l - -6. What is the highest common divisor of n and 36?
18
Suppose -2*z + 12 = -0*z. Suppose -z - 129 = -3*d. What is the greatest common divisor of d and 15?
15
Suppose 5*m - 3 = 37. Calculate the highest common divisor of m and 16.
8
Suppose 64 + 73 = 5*l - 2*n, 70 = 2*l + 3*n. Let y = -20 + l. Suppose -4*r = -4*f + 83 - 403, 4*f = r - 77. Calculate the highest common divisor of r and y.
9
Let p = 9 - 15. Let x = p + 21. Suppose 0 = -0*g + 3*g - 9. Calculate the highest common divisor of g and x.
3
Let p(z) = -8*z + 1. Suppose 4*h + 2 = 3*u - 17, -3*h = u + 24. Let s be p(h). Suppose 0 = -5*g + 3*g + 76. Calculate the greatest common divisor of s and g.
19
Suppose -2*b - 28 = -f, 100 = 4*f - 0*f - 2*b. What is the highest common factor of f and 8?
8
Let h be 7 + 3*6/(-9). Suppose 75 = -0*m + 5*m - h*p, -5*p = 2*m - 2. Calculate the highest common divisor of 44 and m.
11
Let j(y) be the first derivative of -y**4/4 + y**3/3 + y**2 - 1. Let x = 3 + -5. Let b be j(x). Calculate the highest common divisor of 2 and b.
2
Let i(z) = -z**3 + 6*z**2 + 5*z - 7. Let y be i(5). Suppose 6*p = 3*p + 5*g + y, 3*g + 27 = 2*p. Calculate the highest common divisor of p and 6.
6
Suppose -5*d - 2*p = -71, 2*d + 4*p - 2*p = 26. What is the highest common divisor of 90 and d?
15
Let a be (30 - 11) + 3/(-3). What is the highest common factor of 18 and a?
18
Let g(d) = -5*d + 16. Let u be g(2). What is the highest common factor of 14 and u?
2
Let o be (34 - 0)*(2 + -1). Let p = -22 + o. Calculate the highest common divisor of 132 and p.
12
Suppose 26 = -4*h + 6*h. Let m = -8 + h. Let p be (-3 + 3/m)*-5. Calculate the highest common divisor of p and 84.
12
Suppose 3*x = -13 + 43. Suppose x = v + v. Let j be (-2 + v)/(3/20). What is the greatest common factor of 40 and j?
20
Let n be (-52)/(-9) + 2/9. Let i = n + 15. Calculate the greatest common factor of i and 168.
21
Let v(k) = 2*k + 1. Let s be v(-6). Let b = -1 - s. What is the greatest common divisor of b and 2?
2
Let w = 48 + 32. Calculate the greatest common factor of w and 10.
10
Let o(h) = h + 24. Let r be o(0). Calculate the greatest common factor of 120 and r.
24
Suppose 0 = 2*o - 10, -u - 2*o + 27 = 3*o. What is the highest common factor of u and 14?
2
Suppose 30 + 18 = 4*x. What is the greatest common divisor of x and 20?
4
Let z = -3 - -17. Suppose 2*x - 4*o - 8 = -0, 5*x + 4*o = 20. Suppose 6 = -x*h + 34. Calculate the highest common factor of z and h.
7
Let d = -24 + 37. Suppose 0 = -2*c + 3*c - d. What is the greatest common factor of c and 52?
13
Let z be 12/15*15/6. Suppose 0 = 4*b - h - 392, 4*b - 7*h + z*h = 376. Calculate the greatest common factor of b and 11.
11
Let v(a) = -14*a**3 + 2*a**2 + 2*a + 1. Let l be v(-1). What is the greatest common factor of 6 and l?
3
Let y be (19 - -1 - 3) + -2. Suppose -3*h = -0*h + 6. Let n(l) = -5*l. Let c be n(h). What is the greatest common factor of c and y?
5
Let d = 47 - 15. Suppose 0*l + 2*l - 160 = 0. Calculate the highest common divisor of l and d.
16
Let c = -25 - -75. Let w(v) = v - 4. Let m be w(-2). Let z be m*(-3 + (-12)/(-9)). What is the highest common factor of z and c?
10
Suppose -5*m + m = -32. What is the highest common factor of m and 20?
4
Suppose -2*d = -6*d. Suppose d = -2*o + 22 + 24. Calculate the greatest common divisor of 46 and o.
23
Suppose -33*h - 420 = -37*h. What is the greatest common factor of h and 15?
15
Suppose -15 = -7*h + 4*h. Suppose 0 = -4*f - 3*l + 26, -h*l - 75 + 25 = -5*f. What is the greatest common divisor of 88 and f?
8
Let t(a) = 21*a**2 + 2*a - 3. Let p be t(3). Let n be (4/3)/(4/p). Calculate the greatest common divisor of 16 and n.
16
Let x be (4/(-12))/(1/(-39)). Calculate the greatest common factor of 104 and x.
13
Let h = -4 + 12. What is the highest common divisor of 16 and h?
8
Suppose 78 = 3*v - v. What is the greatest common factor of 52 and v?
13
Suppose -3*y - y = -40. Let c = -28 - -118. What is the greatest common factor of y and c?
10
Let n = -38 + 44. Calculate the highest common factor of 18 and n.
6
Let p(w) = w**3 - 5*w**2 - 3*w + 3. Let u be p(4). Let f = u - -52. Let z = -16 + f. What is the